{"id":15639,"date":"2024-01-17T20:09:22","date_gmt":"2024-01-17T17:09:22","guid":{"rendered":"https:\/\/fiftyturizm.com\/?post_type=product&#038;p=15639"},"modified":"2024-05-23T11:10:12","modified_gmt":"2024-05-23T08:10:12","slug":"kayasehir-and-ihlara-tour","status":"publish","type":"product","link":"https:\/\/fiftyturizm.com\/index.php\/urun\/kayasehir-and-ihlara-tour\/","title":{"rendered":"KAYASEHIR AND IHLARA TOUR(GREEN TOUR2)"},"content":{"rendered":"\t\t<div data-elementor-type=\"wp-post\" data-elementor-id=\"15639\" class=\"elementor elementor-15639\">\n\t\t\t\t\t\t<section class=\"elementor-section elementor-top-section elementor-element elementor-element-ab4ab1d elementor-section-boxed elementor-section-height-default elementor-section-height-default wd-section-disabled\" data-id=\"ab4ab1d\" data-element_type=\"section\" data-e-type=\"section\">\n\t\t\t\t\t\t<div class=\"elementor-container elementor-column-gap-default\">\n\t\t\t\t\t<div class=\"elementor-column elementor-col-100 elementor-top-column elementor-element elementor-element-55df336\" data-id=\"55df336\" data-element_type=\"column\" data-e-type=\"column\">\n\t\t\t<div class=\"elementor-widget-wrap elementor-element-populated\">\n\t\t\t\t\t\t<div class=\"elementor-element elementor-element-f14d410 elementor-widget elementor-widget-wd_text_block\" data-id=\"f14d410\" data-element_type=\"widget\" data-e-type=\"widget\" data-widget_type=\"wd_text_block.default\">\n\t\t\t\t<div class=\"elementor-widget-container\">\n\t\t\t\t\t\t\t<div class=\"wd-text-block reset-last-child text-left\">\n\t\t\t\n\t\t\t<p>Our tour begins with the pick-up of our guests from their hotels around 09:00 \/ 09:30. Throughout the tour, our licensed guide accredited by the Ministry of Culture and Tourism accompanies our guests and provides information about the region.<\/p><p>Ihlara Valley is approximately 90 kilometers away from the Cappadocia region. En route to Ihlara, we pass through Nev\u015fehir city center and reach our first stop about half an hour after the start of our tour. Our first stop is Kaya\u015fehir, located in Nev\u015fehir city center. This is a whole city carved into the rocks with Nev\u015fehir Castle at the top. Here, we explore a city dating back to the 6th century, including monasteries, churches from the Roman and Byzantine periods, multi-story tombs, ritual and ceremony meeting centers, pottery workshops, wineries, water tunnels, stables, and various living spaces. Additionally, you can see structures such as historic mosques, the Church of Virgin Mary, and a Greek bath in the region.<\/p><p>After our exploration of Kaya\u015fehir, we head towards Ihlara Valley. Ihlara Valley is the deepest and largest canyon in the Cappadocia region. The hiking trail inside the valley offers an unforgettable walking experience with its magnificent nature and rich history. During the walk, we visit the settlements, monasteries, and rock churches of the early Christians. After our walk in the valley, we take a lunch break at our restaurant by the Melendiz River in the village of Belis\u0131rma, and take a rest along with our meal.<\/p><p>Following lunch, we start our return journey to the Cappadocia region, and on the way, we take a photo break at Narl\u0131 Lake, one of the famous photographic spots in the region. When we arrive in the Cappadocia region, we visit the volcanic stone processing workshop in the \u00c7avu\u015fin area and learn about Onyx, Sultanite stone, and silver craftsmanship. After this stop, we visit the village of \u00c7avu\u015fin and explore the hidden church that still contains frescoes, along with the rock houses and pigeon houses in the region.<\/p><p>Our last stop is in \u00c7avu\u015fin, and our tour concludes here. After \u00c7avu\u015fin village, we drop off our guests at their hotels.<\/p><p><strong>In group tours, the maximum number of participants is 10.<\/strong><\/p><p>During the tour, guests are responsible for covering the entrance fees to the historical sites. At the entrances of these historical sites, tickets can be obtained with the assistance of our guides.<\/p><p>The Republic of Turkey Ministry of Culture and Tourism, as well as National Palaces, provide the opportunity for free entry to museums and historical sites for one year. The Museum Pass is a card issued by the Ministry of Culture and Tourism and is only available to citizens of the Republic of Turkey.<\/p><p>Individuals who are 65 years and older, veterans, the spouses and children of martyrs and veterans, Turkish citizens with disabilities and their companions, soldiers, ICOM, ICOMOS, and UNESCO cardholders, press cardholders, and foreign children aged 0-8 can enter museums for free by presenting the mentioned identification.<\/p><p><strong>Tour Route:<\/strong><\/p><ul><li>Nev\u015fehir Kaya\u015fehir<\/li><li>Ihlara Valley (Hiking)<\/li><li>Belisirma Village<\/li><li>Lunch<\/li><li>Narl\u0131 Lake<\/li><li>Onyx Workshop<\/li><li>\u00c7avu\u015fin<\/li><\/ul><p><strong>Services Included in the Price:<\/strong><\/p><ul><li>Transfer<\/li><li>Professional, experienced, and licensed guide<\/li><li>Lunch<\/li><\/ul><p id=\"tw-target-text\" class=\"tw-data-text tw-text-large tw-ta\" dir=\"ltr\" data-placeholder=\"\u00c7eviri\" aria-label=\"\u00c7evrilmi\u015f metin\" data-ved=\"2ahUKEwjCx8mEx5uGAxXlAtsEHTduAcYQ3ewLegQIDhAU\"><span class=\"Y2IQFc\" lang=\"en\">For more information and reservations you can contact us at <a href=\"mailto:info@fiftyturizm.com\"><strong>info@fiftyturizm.com<\/strong><\/a> or<\/span><\/p><p class=\"tw-data-text tw-text-large tw-ta\" dir=\"ltr\" data-placeholder=\"\u00c7eviri\" aria-label=\"\u00c7evrilmi\u015f metin\" data-ved=\"2ahUKEwjCx8mEx5uGAxXlAtsEHTduAcYQ3ewLegQIDhAU\"><span class=\"Y2IQFc\" lang=\"en\">by phone:\u00a0 <strong>+90 532 449 23 50<\/strong><\/span><\/p><p class=\"tw-data-text tw-text-large tw-ta\" dir=\"ltr\" data-placeholder=\"\u00c7eviri\" aria-label=\"\u00c7evrilmi\u015f metin\" data-ved=\"2ahUKEwjCx8mEx5uGAxXlAtsEHTduAcYQ3ewLegQIDhAU\"><strong><span class=\"Y2IQFc\" lang=\"en\">\u00a0 \u00a0 \u00a0 \u00a0 \u00a0 \u00a0 \u00a0 \u00a0 \u00a0 \u00a0 +90 543 608 87 53 <\/span><\/strong><\/p><p class=\"tw-data-text tw-text-large tw-ta\" dir=\"ltr\" data-placeholder=\"\u00c7eviri\" aria-label=\"\u00c7evrilmi\u015f metin\" data-ved=\"2ahUKEwjCx8mEx5uGAxXlAtsEHTduAcYQ3ewLegQIDhAU\"><strong><span class=\"Y2IQFc\" lang=\"en\">\u00a0 \u00a0 \u00a0 \u00a0 \u00a0 \u00a0 \u00a0 \u00a0 \u00a0 \u00a0 +90 532 714 21 60<\/span><\/strong><\/p>\n\t\t\t\t\t<\/div>\n\t\t\t\t\t\t<\/div>\n\t\t\t\t<\/div>\n\t\t\t\t\t<\/div>\n\t\t<\/div>\n\t\t\t\t\t<\/div>\n\t\t<\/section>\n\t\t\t\t<\/div>\n\t\t","protected":false},"excerpt":{"rendered":"<p>Our tour begins with the pick-up of our guests from their hotels around 09:00 \/ 09:30. Throughout the tour, our licensed guide accredited by the Ministry of Culture and Tourism accompanies our guests and provides information about the region.<\/p>\n","protected":false},"featured_media":15640,"template":"","meta":{"_joinchat":[]},"product_brand":[],"product_cat":[70],"product_tag":[],"class_list":{"0":"post-15639","1":"product","2":"type-product","3":"status-publish","4":"has-post-thumbnail","6":"product_cat-tours","8":"first","9":"instock","10":"shipping-taxable","11":"purchasable","12":"product-type-simple"},"_links":{"self":[{"href":"https:\/\/fiftyturizm.com\/index.php\/wp-json\/wp\/v2\/product\/15639","targetHints":{"allow":["GET"]}}],"collection":[{"href":"https:\/\/fiftyturizm.com\/index.php\/wp-json\/wp\/v2\/product"}],"about":[{"href":"https:\/\/fiftyturizm.com\/index.php\/wp-json\/wp\/v2\/types\/product"}],"version-history":[{"count":17,"href":"https:\/\/fiftyturizm.com\/index.php\/wp-json\/wp\/v2\/product\/15639\/revisions"}],"predecessor-version":[{"id":16364,"href":"https:\/\/fiftyturizm.com\/index.php\/wp-json\/wp\/v2\/product\/15639\/revisions\/16364"}],"wp:featuredmedia":[{"embeddable":true,"href":"https:\/\/fiftyturizm.com\/index.php\/wp-json\/wp\/v2\/media\/15640"}],"wp:attachment":[{"href":"https:\/\/fiftyturizm.com\/index.php\/wp-json\/wp\/v2\/media?parent=15639"}],"wp:term":[{"taxonomy":"product_brand","embeddable":true,"href":"https:\/\/fiftyturizm.com\/index.php\/wp-json\/wp\/v2\/product_brand?post=15639"},{"taxonomy":"product_cat","embeddable":true,"href":"https:\/\/fiftyturizm.com\/index.php\/wp-json\/wp\/v2\/product_cat?post=15639"},{"taxonomy":"product_tag","embeddable":true,"href":"https:\/\/fiftyturizm.com\/index.php\/wp-json\/wp\/v2\/product_tag?post=15639"}],"curies":[{"name":"wp","href":"https:\/\/api.w.org\/{rel}","templated":true}]}}